se 6) to base 16.
958
-5348 (base 9) to base 2
-111101011100
Convert 212301 (base 4) to base 6.
15253
Convert 1505 (base 8) to base 9.
1130
What is 12bb (base 14) in base 8?
6345
-98 (base 13) to base 2
-1111101
-20341 (base 5) to base 4
-111002
What is 29b4 (base 13) in base 4?
1132232
-6d76 (base 14) to base 15
-59e6
What is 2360 (base 7) in base 3?
1012102
Convert -2968 (base 14) to base 8.
-16260
-1012132 (base 4) to base 3
-20012001
Convert -1137a (base 11) to base 12.
-9606
What is -2511 (base 11) in base 7?
-12363
-10037 (base 11) to base 12
-85b5
What is -125234 (base 9) in base 4?
-102203221
Convert 67f3 (base 16) to base 2.
110011111110011
What is 21103 (base 5) in base 2?
10101111011
-224450 (base 6) to base 9
-28273
What is -102112 (base 3) in base 14?
-183
-30874 (base 9) to base 13
-9391
What is 45 (base 6) in base 2?
11101
What is 10330132 (base 4) in base 2?
100111100011110
-3442131 (base 5) to base 8
-171326
462 (base 15) to base 7
2615
-ad0a (base 16) to base 7
-243102
Convert -210221022 (base 3) to base 8.
-37170
-1100000 (base 2) to base 7
-165
What is 403204 (base 5) in base 15?
3c6e
-1300212 (base 4) to base 15
-2206
Convert -ac3 (base 13) to base 11.
-1431
Convert -3490 (base 15) to base 8.
-25630
What is -8071 (base 9) in base 6?
-43144
Convert -dba (base 14) to base 12.
-16a0
What is -317 (base 15) in base 8?
-1271
What is 2003211 (base 4) in base 8?
20345
What is -3c61 (base 15) in base 12?
-7584
6556 (base 9) to base 16
12de
What is -7998 (base 11) in base 8?
-24421
What is 56333 (base 7) in base 13?
662c
-5747 (base 13) to base 12
-70ab
What is -b37 (base 16) in base 7?
-11241
Convert -4604 (base 8) to base 3.
-10100020
Convert 436a (base 16) to base 14.
640a
What is 200101 (base 3) in base 6?
2144
Convert -870 (base 14) to base 15.
-761
What is 1002102 (base 3) in base 6?
3402
Convert -84a (base 14) to base 7.
-4523
Convert bc4c (base 14) to base 11.
22550
Convert 1014245 (base 6) to base 12.
24385
What is -1be (base 16) in base 5?
-3241
Convert -679 (base 12) to base 4.
-32331
Convert -3e6a (base 16) to base 10.
-15978
Convert 1c22 (base 13) to base 11.
3217
-131343 (base 5) to base 11
-3a19
What is 211011 (base 3) in base 13?
370
-13021 (base 5) to base 8
-1763
-17b3 (base 13) to base 11
-2716
17570 (base 8) to base 6
101144
What is 111101001 (base 2) in base 3?
200010
What is -203413 (base 5) in base 16?
-1a4d
Convert 4a31 (base 12) to base 10.
8389
-2041a (base 13) to base 7
-330401
10000011110010 (base 2) to base 5
232214
Convert -32144 (base 6) to base 2.
-1000100100000
Convert -10442 (base 8) to base 16.
-1122
Convert 1715 (base 10) to base 4.
122303
65a (base 14) to base 4
103220
What is 1026 (base 8) in base 9?
653
-241 (base 8) to base 13
-c5
What is -6a07 (base 12) in base 10?
-11815
533 (base 7) to base 15
12e
Convert -110010111000111 (base 2) to base 9.
-38660
What is 53263 (base 8) in base 12?
10a17
Convert 4bb (base 12) to base 15.
32e
Convert -12303 (base 4) to base 6.
-2003
What is -163c9 (base 14) in base 6?
-1105341
Convert 10221 (base 10) to base 15.
3066
What is 35 (base 11) in base 14?
2a
Convert 252346 (base 8) to base 11.
5a627
Convert 2101111 (base 3) to base 11.
1343
3432 (base 5) to base 14
272
Convert -21034 (base 5) to base 9.
-1818
Convert 464a (base 12) to base 15.
24c4
What is fc0 (base 16) in base 10?
4032
Convert 445 (base 10) to base 11.
375
-10b48 (base 13) to base 9
-45726
What is -2ab (base 16) in base 2?
-1010101011
What is -110011111011 (base 2) in base 15?
-eb8
-1924 (base 10) to base 4
-132010
Convert 1130020 (base 4) to base 12.
34b4
Convert -110102220 (base 3) to base 16.
-236d
Convert -33320 (base 7) to base 8.
-20311
-1100 (base 10) to base 16
-44c
What is -1d36 (base 14) in base 7?
-21366
What is -687 (base 13) in base 6?
-5113
What is 150 (base 14) in base 9?
325
-2223 (base 15) to base 12
-4229
506 (base 7) to base 2
11111011
Convert 2a84 (base 13) to base 4.
1200300
Convert -14234 (base 5) to base 15.
-549
What is 57 (base 11) in base 8?
76
What is 1013 (base 7) in base 4?
11201
Convert 1746 (base 10) to base 7.
5043
637 (base 11) to base 6
3314
What is -13131 (base 6) in base 9?
-2661
3b8 (base 15) to base 16
350
Convert 147 (base 12) to base 5.
1244
608 (base 9) to base 10
494
11000001 (base 2) to base 8
301
What is -12bb (base 13) in base 11?
-2025
What is 5143 (base 12) in base 2?
10001010000011
Convert -11300011 (base 4) to base 12.
-11771
51010 (base 6) to base 3
100012020
Convert be2 (base 15) to base 2.
101001111111
-c00 (base 15) to base 7
-10605
What is -985 (base 13) in base 11?
-1252
-125056 (base 7) to base 11
-16611
15d5 (base 14) to base 16
f47
-913 (base 13) to base 16
-601
1001100 (base 4) to base 10
4176
What is 2202102 (base 3) in base 8?
3731
What is -110c (base 13) in base 16?
-94a
Convert 195 (base 14) to base 7.
645
Convert 1001100011 (base 2) to base 15.
2ab
Convert -60601 (base 7) to base 5.
-432301
-235 (base 11) to base 5
-2110
Convert -45604 (base 8) to base 12.
-b230
2257 (base 8) to base 9
1572
Convert 2e7b (base 15) to base 6.
114212
What is 100110111100001 (base 2) in base 9?
30312
-250 (base 10) to base 3
-100021
Convert -477 (base 8) to base 13.
-1b7
-12107 (base 10) to base 7
-50204
397a (base 16) to base 9
22158
What is -100220 (base 3) in base 14?
-151
-1011000111 (base 2) to base 15
-326
Convert -3024 (base 5) to base 9.
-472
Convert 2d8 (base 15) to base 5.
10103
What is -5454 (base 6) in base 9?
-1647
What is 2505 (base 12) in base 13?
1b98
What is 1b6 (base 12) in base 14?
162
-11010010 (base 2) to base 8
-322
What is -880 (base 11) in base 9?
-1403
-21650 (base 8) to base 7
-35420
Convert -46a (base 11) to base 16.
-230
Convert -1010011111100 (base 2) to base 13.
-25a3
What is -1d9a (base 16) in base 3?
-101101200
Convert 13302000 (base 4) to base 7.
161631
Convert 245 (base 7) to base 15.
8b
What is -1438 (base 12) in base 10?
-2348
Convert -544 (base 14) to base 3.
-1102112
What is -1021100 (base 3) in base 14?
-4a3
Convert 323 (base 4) to base 5.
214
Convert -124a7 (base 12) to base 6.
-311131
Convert -35806 (base 10) to base 12.
-1887a
-200302 (base 4) to base 9
-2781
What is -61a (base 14) in base 13?
-714
-7007 (base 10) to base 2
-1101101011111
-c0c8 (base 13) to base 11
-18a27
Convert -3208 (base 9) to base 8.
-4465
Convert -250 (base 11) to base 3.
-102000
-101001101111011 (base 2) to base 10
-21371
What is 4a9 (base 14) in base 13?
56a
What is -58 (base 14) in base 8?
-116
-123444 (base 5) to base 3
-20200112
Convert 6220 (base 7) to base 4.
201322
211311 (base 4) to base 11
1901
102121 (base 4) to base 15
537
Convert 431 (base 13) to base 5.
10331
Convert -1b96 (base 13) to base 8.
-10123
What is 4d (base 15) in base 3?
2201
-1120212 (base 3) to base 16
-485
-11132211 (base 4) to base 10
-22437
3203 (base 6) to base 2
1011010011
Convert -2240 (base 8) to base 10.
-1184
Convert 212220 (base 5) to base 16.
1c11
Convert 213002 (base 4) to base 6.
15322
Convert -2220100 (base 3) to base 15.
-960
Convert -183 (base 13) to base 6.
-1140
What is -1737 (base 9) in base 5?
-20310
What is 304445 (base 7) in base 8?
145466
-1027 (base 10) to base 5
-13102
What is -735 (base 8) in base 2?
-111011101
-2070 (base 9) to base 5
-22041
Convert 16c2 (base 16) to base 2.
1011011000010
Convert 1033223 (base 4) to base 9.
6885
Convert 1313b (base 12) to base 7.
136061
What is 101111111010 (base 2) in base 5?
44231
Convert 1111000011 (base 2) to base 4.
33003
What is -879 (base 11) in base 4?
-100132
-b5 (base 15) to base 6
-442
What is -751 (base 12) in base 3?
-1110121
526 (base 13) to base 14
469
What is 1556 (base 9) in base 11?
988
What is 515141 (base 6) in base 11?
29051
4 (base 5) to base 15
4
What is 1120 (base 10) in base 16?
460
-6659 (base 14) to base 8
-42467
Convert 21e (base 16) to base 6.
2302
Convert 152024 (base 6) to base 4.
3211300
Convert 20031 (base 6) to base 3.
10120201
-1311033 (base 4) to base 12
-4413
Convert 2144 (base 5) to base 2.
100101011
Convert -3b03 (base 13) to base 6.
-103045
What is 16386 (base 11) in base 5?
1214314
What is -30002 (base 4) in base 14?
-3d0
Convert -1200212102 (base 3) to base 9.
-50772
1105 (base 8) to base 13
359
What is 25a0 (base 11) in base 10?
3377
-64554 (base 8) to bas